{"id":164,"date":"2024-02-25T18:52:45","date_gmt":"2024-02-25T18:52:45","guid":{"rendered":"https:\/\/www.winnyczyniewinny.pl\/wcnwww\/?page_id=164"},"modified":"2024-04-24T23:13:53","modified_gmt":"2024-04-24T23:13:53","slug":"o-nas","status":"publish","type":"page","link":"https:\/\/pax.com.pl\/index.php\/o-nas\/","title":{"rendered":"O Nas"},"content":{"rendered":"\t\t<div data-elementor-type=\"wp-page\" data-elementor-id=\"164\" class=\"elementor elementor-164\">\n\t\t\t\t<div class=\"elementor-element elementor-element-dd70bc0 e-flex e-con-boxed e-con e-parent\" data-id=\"dd70bc0\" data-element_type=\"container\" data-e-type=\"container\">\n\t\t\t\t\t<div class=\"e-con-inner\">\n\t\t\t\t<div class=\"elementor-element elementor-element-f275ba3 elementor-widget elementor-widget-text-editor\" data-id=\"f275ba3\" data-element_type=\"widget\" data-e-type=\"widget\" data-widget_type=\"text-editor.default\">\n\t\t\t\t<div class=\"elementor-widget-container\">\n\t\t\t\t\t\t\t\t\t<p>Historia Sp\u00f3\u0142dzielni Mieszkaniowej &#8222;PAX&#8221; si\u0119ga pocz\u0105tku 1957 roku, kiedy to odbywa\u0142o si\u0119 pierwsze Walne Zgromadzenie cz\u0142onk\u00f3w za\u0142o\u017cycieli Sp\u00f3\u0142dzielni. Wywodzili si\u0119 oni ze \u015brodowiska pracownik\u00f3w i cz\u0142onk\u00f3w Stowarzyszenia &#8222;PAX&#8221;, redakcji &#8222;S\u0142owa Powszechnego&#8221;, Liceum \u015bw. Augustyna oraz firm &#8222;INCO&#8221; i &#8222;VERITAS&#8221;.<\/p><p>Ten &#8222;\u015brodowiskowy&#8221; charakter Sp\u00f3\u0142dzielni\u00a0 by\u0142 zachowywany przez ponad trzydzie\u015bci lat, a\u017c do okresu przekszta\u0142ce\u0144 gospodarczych Polski w latach 90-tych.<\/p><p>Pierwsze budynki zosta\u0142y zasiedlone w latach 60-tych. Z tamtych czas\u00f3w pochodz\u0105 mi\u0119dzy innymi domy przy ulicy Pi\u0119knej, Wybrze\u017cu Ko\u015bciuszkowskim, Z\u0142otej, Salezego i Fal\u0119ckiej. O\u017cywienie dzia\u0142alno\u015bci Sp\u00f3\u0142dzielni Mieszkaniowej PAX nast\u0105pi\u0142o ponownie w latach 80-tych, kiedy powsta\u0142y ma\u0142e budynki przy ulicy Narbutta, G\u00f3rskiej, osiedla Rzymowskiego-Jad\u017awing\u00f3w, Rzymowskiego-Potok i Skaryszewska-Lubelska.<\/p><p>Aktualnie do sp\u00f3\u0142dzielni nale\u017cy kilkadziesi\u0105t budynk\u00f3w mieszkalnych na terenie Warszawy i Pruszkowa.<\/p><p>Postanowieniem z dnia 3 pa\u017adziernika 2023 roku S\u0105d Rejonowy dla m.st. Warszawy w Warszawie, XVIII Wydzia\u0142 Gospodarczy og\u0142osi\u0142 upad\u0142o\u015b\u0107 Sp\u00f3\u0142dzielni Mieszkaniowej \u201ePAX\u201d wyznaczaj\u0105c Syndyka Pana Marcina Ga\u0142\u0105zk\u0119 (nr licencji 647).<\/p><p class=\"clsPara\">\u00a0<\/p>\t\t\t\t\t\t\t\t<\/div>\n\t\t\t\t<\/div>\n\t\t\t\t\t<\/div>\n\t\t\t\t<\/div>\n\t\t<div class=\"elementor-element elementor-element-b3699bd e-con-full e-flex e-con e-parent\" data-id=\"b3699bd\" data-element_type=\"container\" data-e-type=\"container\">\n\t\t\t\t<div class=\"elementor-element elementor-element-322d422 elementor-widget elementor-widget-image\" data-id=\"322d422\" data-element_type=\"widget\" data-e-type=\"widget\" data-widget_type=\"image.default\">\n\t\t\t\t<div class=\"elementor-widget-container\">\n\t\t\t\t\t\t\t\t\t\t\t\t\t\t\t<img fetchpriority=\"high\" decoding=\"async\" width=\"368\" height=\"493\" src=\"https:\/\/pax.com.pl\/wp-content\/uploads\/2024\/02\/Obraz1.png\" class=\"attachment-large size-large wp-image-189\" alt=\"\" srcset=\"https:\/\/pax.com.pl\/wp-content\/uploads\/2024\/02\/Obraz1.png 368w, https:\/\/pax.com.pl\/wp-content\/uploads\/2024\/02\/Obraz1-224x300.png 224w\" sizes=\"(max-width: 368px) 100vw, 368px\" \/>\t\t\t\t\t\t\t\t\t\t\t\t\t\t\t<\/div>\n\t\t\t\t<\/div>\n\t\t\t\t<div class=\"elementor-element elementor-element-a547a34 elementor-widget elementor-widget-text-editor\" data-id=\"a547a34\" data-element_type=\"widget\" data-e-type=\"widget\" data-widget_type=\"text-editor.default\">\n\t\t\t\t<div class=\"elementor-widget-container\">\n\t\t\t\t\t\t\t\t\t<h3>Salezego 6 &#8211; jeden z pierwszych budynk\u00f3w sp\u00f3\u0142dzielni, zbudowany w ko\u0144cu lat 60-tych<\/h3>\t\t\t\t\t\t\t\t<\/div>\n\t\t\t\t<\/div>\n\t\t\t\t<\/div>\n\t\t\t\t<\/div>\n\t\t","protected":false},"excerpt":{"rendered":"<p>Historia Sp\u00f3\u0142dzielni Mieszkaniowej &#8222;PAX&#8221; si\u0119ga pocz\u0105tku 1957 roku, kiedy to odbywa\u0142o si\u0119 pierwsze Walne Zgromadzenie cz\u0142onk\u00f3w za\u0142o\u017cycieli Sp\u00f3\u0142dzielni. Wywodzili si\u0119 oni ze \u015brodowiska pracownik\u00f3w i cz\u0142onk\u00f3w Stowarzyszenia &#8222;PAX&#8221;, redakcji &#8222;S\u0142owa Powszechnego&#8221;, Liceum \u015bw. Augustyna oraz firm &#8222;INCO&#8221; i &#8222;VERITAS&#8221;. Ten &#8222;\u015brodowiskowy&#8221; charakter Sp\u00f3\u0142dzielni\u00a0 by\u0142 zachowywany przez ponad trzydzie\u015bci lat, a\u017c do okresu przekszta\u0142ce\u0144 gospodarczych Polski [&hellip;]<\/p>\n","protected":false},"author":1,"featured_media":0,"parent":0,"menu_order":0,"comment_status":"closed","ping_status":"closed","template":"","meta":{"footnotes":""},"class_list":["post-164","page","type-page","status-publish","hentry"],"_links":{"self":[{"href":"https:\/\/pax.com.pl\/index.php\/wp-json\/wp\/v2\/pages\/164","targetHints":{"allow":["GET"]}}],"collection":[{"href":"https:\/\/pax.com.pl\/index.php\/wp-json\/wp\/v2\/pages"}],"about":[{"href":"https:\/\/pax.com.pl\/index.php\/wp-json\/wp\/v2\/types\/page"}],"author":[{"embeddable":true,"href":"https:\/\/pax.com.pl\/index.php\/wp-json\/wp\/v2\/users\/1"}],"replies":[{"embeddable":true,"href":"https:\/\/pax.com.pl\/index.php\/wp-json\/wp\/v2\/comments?post=164"}],"version-history":[{"count":29,"href":"https:\/\/pax.com.pl\/index.php\/wp-json\/wp\/v2\/pages\/164\/revisions"}],"predecessor-version":[{"id":422,"href":"https:\/\/pax.com.pl\/index.php\/wp-json\/wp\/v2\/pages\/164\/revisions\/422"}],"wp:attachment":[{"href":"https:\/\/pax.com.pl\/index.php\/wp-json\/wp\/v2\/media?parent=164"}],"curies":[{"name":"wp","href":"https:\/\/api.w.org\/{rel}","templated":true}]}}

<div data-elementor-type="wp-page" data-elementor-id="164" class="elementor elementor-164">
				<div class="elementor-element elementor-element-dd70bc0 e-flex e-con-boxed e-con e-parent" data-id="dd70bc0" data-element_type="container" data-e-type="container">
					<div class="e-con-inner">
				<div class="elementor-element elementor-element-f275ba3 elementor-widget elementor-widget-text-editor" data-id="f275ba3" data-element_type="widget" data-e-type="widget" data-widget_type="text-editor.default">
				<div class="elementor-widget-container">
									<p>Historia Spółdzielni Mieszkaniowej &#8222;PAX&#8221; sięga początku 1957 roku, kiedy to odbywało się pierwsze Walne Zgromadzenie członków założycieli Spółdzielni. Wywodzili się oni ze środowiska pracowników i członków Stowarzyszenia &#8222;PAX&#8221;, redakcji &#8222;Słowa Powszechnego&#8221;, Liceum św. Augustyna oraz firm &#8222;INCO&#8221; i &#8222;VERITAS&#8221;.</p><p>Ten &#8222;środowiskowy&#8221; charakter Spółdzielni  był zachowywany przez ponad trzydzieści lat, aż do okresu przekształceń gospodarczych Polski w latach 90-tych.</p><p>Pierwsze budynki zostały zasiedlone w latach 60-tych. Z tamtych czasów pochodzą między innymi domy przy ulicy Pięknej, Wybrzeżu Kościuszkowskim, Złotej, Salezego i Falęckiej. Ożywienie działalności Spółdzielni Mieszkaniowej PAX nastąpiło ponownie w latach 80-tych, kiedy powstały małe budynki przy ulicy Narbutta, Górskiej, osiedla Rzymowskiego-Jadźwingów, Rzymowskiego-Potok i Skaryszewska-Lubelska.</p><p>Aktualnie do spółdzielni należy kilkadziesiąt budynków mieszkalnych na terenie Warszawy i Pruszkowa.</p><p>Postanowieniem z dnia 3 października 2023 roku Sąd Rejonowy dla m.st. Warszawy w Warszawie, XVIII Wydział Gospodarczy ogłosił upadłość Spółdzielni Mieszkaniowej „PAX” wyznaczając Syndyka Pana Marcina Gałązkę (nr licencji 647).</p><p class="clsPara"> </p>								</div>
				</div>
					</div>
				</div>
		<div class="elementor-element elementor-element-b3699bd e-con-full e-flex e-con e-parent" data-id="b3699bd" data-element_type="container" data-e-type="container">
				<div class="elementor-element elementor-element-322d422 elementor-widget elementor-widget-image" data-id="322d422" data-element_type="widget" data-e-type="widget" data-widget_type="image.default">
				<div class="elementor-widget-container">
															<img fetchpriority="high" decoding="async" width="368" height="493" src="https://pax.com.pl/wp-content/uploads/2024/02/Obraz1.png" class="attachment-large size-large wp-image-189" alt="" srcset="https://pax.com.pl/wp-content/uploads/2024/02/Obraz1.png 368w, https://pax.com.pl/wp-content/uploads/2024/02/Obraz1-224x300.png 224w" sizes="(max-width: 368px) 100vw, 368px" />															</div>
				</div>
				<div class="elementor-element elementor-element-a547a34 elementor-widget elementor-widget-text-editor" data-id="a547a34" data-element_type="widget" data-e-type="widget" data-widget_type="text-editor.default">
				<div class="elementor-widget-container">
									<h3>Salezego 6 &#8211; jeden z pierwszych budynków spółdzielni, zbudowany w końcu lat 60-tych</h3>								</div>
				</div>
				</div>
				</div>

<p>Historia Spółdzielni Mieszkaniowej &#8222;PAX&#8221; sięga początku 1957 roku, kiedy to odbywało się pierwsze Walne Zgromadzenie członków założycieli Spółdzielni. Wywodzili się oni ze środowiska pracowników i członków Stowarzyszenia &#8222;PAX&#8221;, redakcji &#8222;Słowa Powszechnego&#8221;, Liceum św. Augustyna oraz firm &#8222;INCO&#8221; i &#8222;VERITAS&#8221;. Ten &#8222;środowiskowy&#8221; charakter Spółdzielni  był zachowywany przez ponad trzydzieści lat, aż do okresu przekształceń gospodarczych Polski [&hellip;]</p>
